[INFO] cloning repository https://github.com/Shadlock0133/music-vibes
[INFO] running `Command { std: "git" "-c" "credential.helper=" "-c" "credential.helper=/workspace/cargo-home/bin/git-credential-null" "clone" "--bare" "https://github.com/Shadlock0133/music-vibes" "/workspace/cache/git-repos/https%3A%2F%2Fgithub.com%2FShadlock0133%2Fmusic-vibes", kill_on_drop: false }`
[INFO] [stderr] Cloning into bare repository '/workspace/cache/git-repos/https%3A%2F%2Fgithub.com%2FShadlock0133%2Fmusic-vibes'...
[INFO] running `Command { std: "git" "rev-parse" "HEAD", kill_on_drop: false }`
[INFO] [stdout] e612e8978c8f8053b84087f91b912c289dd5f138
[INFO] checking Shadlock0133/music-vibes against master#9610dfe5a9a731ced1ea4923ecbd0c57fe367898 for beta-170-4
[INFO] running `Command { std: "git" "clone" "/workspace/cache/git-repos/https%3A%2F%2Fgithub.com%2FShadlock0133%2Fmusic-vibes" "/workspace/builds/worker-6-tc1/source", kill_on_drop: false }`
[INFO] [stderr] Cloning into '/workspace/builds/worker-6-tc1/source'...
[INFO] [stderr] done.
[INFO] validating manifest of git repo https://github.com/Shadlock0133/music-vibes on toolchain 9610dfe5a9a731ced1ea4923ecbd0c57fe367898
[INFO] running `Command { std: CARGO_HOME="/workspace/cargo-home" RUSTUP_HOME="/workspace/rustup-home" "/workspace/cargo-home/bin/cargo" "+9610dfe5a9a731ced1ea4923ecbd0c57fe367898" "metadata" "--manifest-path" "Cargo.toml" "--no-deps", kill_on_drop: false }`
[INFO] started tweaking git repo https://github.com/Shadlock0133/music-vibes
[INFO] finished tweaking git repo https://github.com/Shadlock0133/music-vibes
[INFO] tweaked toml for git repo https://github.com/Shadlock0133/music-vibes written to /workspace/builds/worker-6-tc1/source/Cargo.toml
[INFO] crate git repo https://github.com/Shadlock0133/music-vibes already has a lockfile, it will not be regenerated
[INFO] running `Command { std: CARGO_HOME="/workspace/cargo-home" RUSTUP_HOME="/workspace/rustup-home" "/workspace/cargo-home/bin/cargo" "+9610dfe5a9a731ced1ea4923ecbd0c57fe367898" "fetch" "--manifest-path" "Cargo.toml", kill_on_drop: false }`
[INFO] [stderr]     Updating git repository `https://github.com/Shadlock0133/audio-capture`
[INFO] [stderr]     Updating crates.io index
[INFO] [stderr]  Downloading crates ...
[INFO] [stderr]   Downloaded calloop v0.10.4
[INFO] [stderr]   Downloaded emath v0.19.0
[INFO] [stderr]   Downloaded egui-winit v0.19.0
[INFO] [stderr]   Downloaded egui v0.19.0
[INFO] [stderr]   Downloaded num-cmp v0.1.0
[INFO] [stderr]   Downloaded bluez-generated v0.2.1
[INFO] [stderr]   Downloaded jni-utils v0.1.0
[INFO] [stderr]   Downloaded iso8601 v0.5.1
[INFO] [stderr]   Downloaded egui_glow v0.19.0
[INFO] [stderr]   Downloaded eframe v0.19.0
[INFO] [stderr]   Downloaded dbus-tokio v0.7.5
[INFO] [stderr]   Downloaded buttplug_derive v0.7.0
[INFO] [stderr]   Downloaded fraction v0.12.2
[INFO] [stderr]   Downloaded prost-build v0.11.4
[INFO] [stderr]   Downloaded os_info v3.5.1
[INFO] [stderr]   Downloaded bluez-async v0.6.0
[INFO] [stderr]   Downloaded prost-types v0.11.2
[INFO] [stderr]   Downloaded btleplug v0.10.4
[INFO] [stderr]   Downloaded jsonschema v0.16.1
[INFO] [stderr]   Downloaded prettyplease v0.1.21
[INFO] [stderr]   Downloaded prost-derive v0.11.2
[INFO] [stderr]   Downloaded prost v0.11.3
[INFO] [stderr]   Downloaded epaint v0.19.0
[INFO] [stderr]   Downloaded buttplug v6.2.2
[INFO] running `Command { std: "docker" "create" "-v" "/var/lib/crater-agent-workspace/builds/worker-6-tc1/target:/opt/rustwide/target:rw,Z" "-v" "/var/lib/crater-agent-workspace/builds/worker-6-tc1/source:/opt/rustwide/workdir:ro,Z" "-v" "/var/lib/crater-agent-workspace/cargo-home:/opt/rustwide/cargo-home:ro,Z" "-v" "/var/lib/crater-agent-workspace/rustup-home:/opt/rustwide/rustup-home:ro,Z" "-e" "SOURCE_DIR=/opt/rustwide/workdir" "-e" "CARGO_TARGET_DIR=/opt/rustwide/target" "-e" "CARGO_HOME=/opt/rustwide/cargo-home" "-e" "RUSTUP_HOME=/opt/rustwide/rustup-home" "-w" "/opt/rustwide/workdir" "-m" "1610612736" "--user" "0:0" "--network" "none" "ghcr.io/rust-lang/crates-build-env/linux@sha256:19e73879b68f455e41552ea35293514db52ea292d993f571636dbffedb77a1ee" "/opt/rustwide/cargo-home/bin/cargo" "+9610dfe5a9a731ced1ea4923ecbd0c57fe367898" "metadata" "--no-deps" "--format-version=1", kill_on_drop: false }`
[INFO] [stdout] 82dc25a45ae5ddd5865706d1b53e31a177b50d4dd200a77ab09ca4ad18c64428
[INFO] running `Command { std: "docker" "start" "-a" "82dc25a45ae5ddd5865706d1b53e31a177b50d4dd200a77ab09ca4ad18c64428", kill_on_drop: false }`
[INFO] running `Command { std: "docker" "inspect" "82dc25a45ae5ddd5865706d1b53e31a177b50d4dd200a77ab09ca4ad18c64428", kill_on_drop: false }`
[INFO] running `Command { std: "docker" "rm" "-f" "82dc25a45ae5ddd5865706d1b53e31a177b50d4dd200a77ab09ca4ad18c64428", kill_on_drop: false }`
[INFO] [stdout] 82dc25a45ae5ddd5865706d1b53e31a177b50d4dd200a77ab09ca4ad18c64428
[INFO] running `Command { std: "docker" "create" "-v" "/var/lib/crater-agent-workspace/builds/worker-6-tc1/target:/opt/rustwide/target:rw,Z" "-v" "/var/lib/crater-agent-workspace/builds/worker-6-tc1/source:/opt/rustwide/workdir:ro,Z" "-v" "/var/lib/crater-agent-workspace/cargo-home:/opt/rustwide/cargo-home:ro,Z" "-v" "/var/lib/crater-agent-workspace/rustup-home:/opt/rustwide/rustup-home:ro,Z" "-e" "SOURCE_DIR=/opt/rustwide/workdir" "-e" "CARGO_TARGET_DIR=/opt/rustwide/target" "-e" "CARGO_INCREMENTAL=0" "-e" "RUST_BACKTRACE=full" "-e" "RUSTFLAGS=--cap-lints=forbid" "-e" "RUSTDOCFLAGS=--cap-lints=forbid" "-e" "CARGO_HOME=/opt/rustwide/cargo-home" "-e" "RUSTUP_HOME=/opt/rustwide/rustup-home" "-w" "/opt/rustwide/workdir" "-m" "1610612736" "--user" "0:0" "--network" "none" "ghcr.io/rust-lang/crates-build-env/linux@sha256:19e73879b68f455e41552ea35293514db52ea292d993f571636dbffedb77a1ee" "/opt/rustwide/cargo-home/bin/cargo" "+9610dfe5a9a731ced1ea4923ecbd0c57fe367898" "check" "--frozen" "--all" "--all-targets" "--message-format=json", kill_on_drop: false }`
[INFO] [stdout] fc45307c14d057ffa8ece41eb0b24018072e27976082f49e0ef14120ac667cc6
[INFO] running `Command { std: "docker" "start" "-a" "fc45307c14d057ffa8ece41eb0b24018072e27976082f49e0ef14120ac667cc6", kill_on_drop: false }`
[INFO] [stderr]    Compiling proc-macro2 v1.0.47
[INFO] [stderr]    Compiling unicode-ident v1.0.5
[INFO] [stderr]    Compiling syn v1.0.105
[INFO] [stderr]    Compiling libc v0.2.138
[INFO] [stderr]    Compiling pkg-config v0.3.26
[INFO] [stderr]     Checking once_cell v1.16.0
[INFO] [stderr]    Compiling cc v1.0.77
[INFO] [stderr]     Checking pin-project-lite v0.2.9
[INFO] [stderr]    Compiling serde_derive v1.0.149
[INFO] [stderr]    Compiling memoffset v0.6.5
[INFO] [stderr]     Checking smallvec v1.10.0
[INFO] [stderr]    Compiling serde v1.0.149
[INFO] [stderr]    Compiling futures-core v0.3.25
[INFO] [stderr]     Checking futures-sink v0.3.25
[INFO] [stderr]     Checking tracing-core v0.1.30
[INFO] [stderr]    Compiling lock_api v0.4.9
[INFO] [stderr]     Checking bytes v1.3.0
[INFO] [stderr]    Compiling thiserror v1.0.37
[INFO] [stderr]    Compiling cmake v0.1.49
[INFO] [stderr]    Compiling quote v1.0.21
[INFO] [stderr]    Compiling slab v0.4.7
[INFO] [stderr]    Compiling futures-channel v0.3.25
[INFO] [stderr]    Compiling futures-task v0.3.25
[INFO] [stderr]    Compiling wayland-scanner v0.29.5
[INFO] [stderr]    Compiling futures-util v0.3.25
[INFO] [stderr]    Compiling parking_lot_core v0.9.5
[INFO] [stderr]    Compiling wayland-sys v0.29.5
[INFO] [stderr]     Checking libloading v0.7.4
[INFO] [stderr]    Compiling tokio v1.23.0
[INFO] [stderr]     Checking futures-io v0.3.25
[INFO] [stderr]     Checking itoa v1.0.4
[INFO] [stderr]     Checking dlib v0.5.0
[INFO] [stderr]    Compiling num-traits v0.2.15
[INFO] [stderr]     Checking percent-encoding v2.2.0
[INFO] [stderr]     Checking nom v7.1.1
[INFO] [stderr]     Checking mio v0.8.5
[INFO] [stderr]     Checking getrandom v0.2.8
[INFO] [stderr]     Checking nix v0.24.3
[INFO] [stderr]     Checking socket2 v0.4.7
[INFO] [stderr]     Checking num_cpus v1.14.0
[INFO] [stderr]    Compiling freetype-sys v0.13.1
[INFO] [stderr]    Compiling openssl-sys v0.9.79
[INFO] [stderr]     Checking tinyvec v1.6.0
[INFO] [stderr]    Compiling expat-sys v2.1.6
[INFO] [stderr]    Compiling wayland-client v0.29.5
[INFO] [stderr]    Compiling log v0.4.17
[INFO] [stderr]     Checking scoped-tls v1.0.1
[INFO] [stderr]     Checking unicode-normalization v0.1.22
[INFO] [stderr]     Checking parking_lot v0.12.1
[INFO] [stderr]     Checking form_urlencoded v1.1.0
[INFO] [stderr]    Compiling slotmap v1.0.6
[INFO] [stderr]     Checking base64 v0.13.1
[INFO] [stderr]    Compiling typenum v1.16.0
[INFO] [stderr]     Checking unicode-bidi v0.3.8
[INFO] [stderr]     Checking num-integer v0.1.45
[INFO] [stderr]    Compiling wayland-protocols v0.29.5
[INFO] [stderr]     Checking idna v0.3.0
[INFO] [stderr]    Compiling servo-fontconfig-sys v5.1.0
[INFO] [stderr]     Checking wayland-commons v0.29.5
[INFO] [stderr]    Compiling ahash v0.8.2
[INFO] [stderr]    Compiling generic-array v0.14.6
[INFO] [stderr]    Compiling openssl v0.10.44
[INFO] [stderr]     Checking miniz_oxide v0.6.2
[INFO] [stderr]     Checking http v0.2.8
[INFO] [stderr]     Checking url v2.3.1
[INFO] [stderr]    Compiling gl_generator v0.14.0
[INFO] [stderr]     Checking xcursor v0.3.4
[INFO] [stderr]     Checking nix v0.25.1
[INFO] [stderr]    Compiling libdbus-sys v0.2.2
[INFO] [stderr]    Compiling smithay-client-toolkit v0.16.0
[INFO] [stderr]    Compiling httparse v1.8.0
[INFO] [stderr]    Compiling native-tls v0.2.11
[INFO] [stderr]     Checking wayland-cursor v0.29.5
[INFO] [stderr]     Checking flate2 v1.0.25
[INFO] [stderr]     Checking memmap2 v0.5.8
[INFO] [stderr]    Compiling x11-dl v2.20.1
[INFO] [stderr]    Compiling crossfont v0.5.1
[INFO] [stderr]    Compiling indexmap v1.9.2
[INFO] [stderr]    Compiling anyhow v1.0.66
[INFO] [stderr]     Checking ryu v1.0.11
[INFO] [stderr]     Checking foreign-types-shared v0.3.1
[INFO] [stderr]     Checking ttf-parser v0.17.1
[INFO] [stderr]     Checking png v0.17.7
[INFO] [stderr]     Checking servo-fontconfig v0.5.1
[INFO] [stderr]     Checking freetype-rs v0.26.0
[INFO] [stderr]    Compiling num-rational v0.4.1
[INFO] [stderr]     Checking ab_glyph_rasterizer v0.1.7
[INFO] [stderr]     Checking arrayvec v0.5.2
[INFO] [stderr]    Compiling serde_json v1.0.89
[INFO] [stderr]    Compiling proc-macro-error-attr v1.0.4
[INFO] [stderr]     Checking num-bigint v0.4.3
[INFO] [stderr]     Checking block-buffer v0.10.3
[INFO] [stderr]     Checking crypto-common v0.1.6
[INFO] [stderr]     Checking rand_core v0.6.4
[INFO] [stderr]    Compiling libudev-sys v0.1.4
[INFO] [stderr]     Checking nohash-hasher v0.2.0
[INFO] [stderr]    Compiling io-lifetimes v1.0.3
[INFO] [stderr]    Compiling async-trait v0.1.59
[INFO] [stderr]     Checking rand_chacha v0.3.1
[INFO] [stderr]     Checking want v0.3.0
[INFO] [stderr]    Compiling proc-macro-error v1.0.4
[INFO] [stderr]     Checking owned_ttf_parser v0.17.1
[INFO] [stderr]     Checking digest v0.10.6
[INFO] [stderr]     Checking ab_glyph v0.2.18
[INFO] [stderr]     Checking num-iter v0.1.43
[INFO] [stderr]     Checking raw-window-handle v0.5.0
[INFO] [stderr]     Checking raw-window-handle v0.4.3
[INFO] [stderr]    Compiling glutin_egl_sys v0.1.6
[INFO] [stderr]    Compiling glutin_glx_sys v0.1.8
[INFO] [stderr]     Checking http-body v0.4.5
[INFO] [stderr]     Checking num-complex v0.4.2
[INFO] [stderr]     Checking nix v0.22.3
[INFO] [stderr]     Checking gethostname v0.2.3
[INFO] [stderr]     Checking aho-corasick v0.7.20
[INFO] [stderr]    Compiling rustix v0.36.5
[INFO] [stderr]     Checking cpufeatures v0.2.5
[INFO] [stderr]     Checking either v1.8.0
[INFO] [stderr]     Checking xml-rs v0.8.4
[INFO] [stderr]    Compiling thiserror-impl v1.0.37
[INFO] [stderr]    Compiling tracing-attributes v0.1.23
[INFO] [stderr]    Compiling futures-macro v0.3.25
[INFO] [stderr]    Compiling tokio-macros v1.8.2
[INFO] [stderr]    Compiling bytemuck_derive v1.3.0
[INFO] [stderr]    Compiling openssl-macros v0.1.0
[INFO] [stderr]     Checking bytemuck v1.12.3
[INFO] [stderr]     Checking calloop v0.10.4
[INFO] [stderr]     Checking tracing v0.1.37
[INFO] [stderr]    Compiling foreign-types-macros v0.2.2
[INFO] [stderr]     Checking safe_arch v0.5.2
[INFO] [stderr]     Checking tiny-skia-path v0.7.0
[INFO] [stderr]    Compiling pin-project-internal v1.0.12
[INFO] [stderr]     Checking tiny-skia v0.7.0
[INFO] [stderr]     Checking foreign-types v0.5.0
[INFO] [stderr]     Checking tower-service v0.3.2
[INFO] [stderr]     Checking regex-syntax v0.6.28
[INFO] [stderr]    Compiling encoding_rs v0.8.31
[INFO] [stderr]     Checking bit-vec v0.6.3
[INFO] [stderr]    Compiling time-core v0.1.0
[INFO] [stderr]    Compiling time-macros v0.2.6
[INFO] [stderr]     Checking bit-set v0.5.3
[INFO] [stderr]     Checking pin-project v1.0.12
[INFO] [stderr]     Checking dbus v0.9.6
[INFO] [stderr]     Checking futures-executor v0.3.25
[INFO] [stderr]    Compiling itertools v0.10.5
[INFO] [stderr]     Checking futures v0.3.25
[INFO] [stderr]     Checking x11rb v0.9.0
[INFO] [stderr]     Checking tokio-util v0.7.4
[INFO] [stderr]     Checking h2 v0.3.15
[INFO] [stderr]     Checking tokio-native-tls v0.3.0
[INFO] [stderr]     Checking regex v1.7.0
[INFO] [stderr]     Checking sctk-adwaita v0.4.3
[INFO] [stderr]     Checking dbus-tokio v0.7.5
[INFO] [stderr]     Checking bluez-generated v0.2.1
[INFO] [stderr]     Checking sha-1 v0.10.1
[INFO] [stderr]     Checking winit v0.27.5
[INFO] [stderr]     Checking num v0.4.0
[INFO] [stderr]     Checking rand v0.8.5
[INFO] [stderr]     Checking hyper v0.14.23
[INFO] [stderr]     Checking shared_library v0.1.9
[INFO] [stderr]     Checking emath v0.19.0
[INFO] [stderr]     Checking ron v0.8.0
[INFO] [stderr]     Checking uuid v1.2.2
[INFO] [stderr]     Checking serde-xml-rs v0.5.1
[INFO] [stderr]     Checking epaint v0.19.0
[INFO] [stderr]    Compiling hidapi v1.5.0
[INFO] [stderr]    Compiling winapi v0.3.9
[INFO] [stderr]     Checking utf-8 v0.7.6
[INFO] [stderr]     Checking linux-raw-sys v0.1.3
[INFO] [stderr]     Checking overload v0.1.1
[INFO] [stderr]     Checking nu-ansi-term v0.46.0
[INFO] [stderr]     Checking arboard v2.1.1
[INFO] [stderr]     Checking chrono v0.4.23
[INFO] [stderr]     Checking tungstenite v0.17.3
[INFO] [stderr]     Checking time v0.3.17
[INFO] [stderr]     Checking bluez-async v0.6.0
[INFO] [stderr]    Compiling prost-derive v0.11.2
[INFO] [stderr]     Checking osmesa-sys v0.1.2
[INFO] [stderr]     Checking serde_urlencoded v0.7.1
[INFO] [stderr]     Checking hyper-tls v0.5.0
[INFO] [stderr]     Checking egui v0.19.0
[INFO] [stderr]     Checking tracing-serde v0.1.3
[INFO] [stderr]     Checking libudev v0.3.0
[INFO] [stderr]     Checking fraction v0.12.2
[INFO] [stderr]     Checking fancy-regex v0.10.0
[INFO] [stderr]     Checking smithay-clipboard v0.6.6
[INFO] [stderr]     Checking tokio-stream v0.1.11
[INFO] [stderr]    Compiling async-stream-impl v0.3.3
[INFO] [stderr]     Checking dashmap v5.4.0
[INFO] [stderr]     Checking wayland-egl v0.29.5
[INFO] [stderr]     Checking webbrowser v0.7.1
[INFO] [stderr]     Checking iso8601 v0.5.1
[INFO] [stderr]     Checking dirs-sys-next v0.1.2
[INFO] [stderr]     Checking tracing-log v0.1.3
[INFO] [stderr]     Checking sharded-slab v0.1.4
[INFO] [stderr]     Checking thread_local v1.1.4
[INFO] [stderr]     Checking glow v0.11.2
[INFO] [stderr]     Checking num-cmp v0.1.0
[INFO] [stderr]     Checking bytecount v0.6.3
[INFO] [stderr]     Checking ipnet v2.7.0
[INFO] [stderr]     Checking btleplug v0.10.4
[INFO] [stderr]     Checking async-stream v0.3.3
[INFO] [stderr]     Checking tracing-subscriber v0.3.16
[INFO] [stderr]     Checking jsonschema v0.16.1
[INFO] [stderr]     Checking clap_lex v0.3.0
[INFO] [stderr]     Checking reqwest v0.11.13
[INFO] [stderr]     Checking directories-next v2.0.0
[INFO] [stderr]     Checking glutin v0.29.1
[INFO] [stderr]     Checking is-terminal v0.4.1
[INFO] [stderr]     Checking prost v0.11.3
[INFO] [stderr]    Compiling strum_macros v0.24.3
[INFO] [stderr]     Checking serialport v4.2.0
[INFO] [stderr]     Checking serde-aux v4.1.2
[INFO] [stderr]     Checking async-tungstenite v0.18.0
[INFO] [stderr]     Checking os_info v3.5.1
[INFO] [stderr]     Checking tracing-futures v0.2.5
[INFO] [stderr]    Compiling clap_derive v4.0.21
[INFO] [stderr]    Compiling buttplug_derive v0.7.0
[INFO] [stderr]    Compiling getset v0.1.2
[INFO] [stderr]    Compiling displaydoc v0.2.3
[INFO] [stderr]    Compiling derivative v2.2.0
[INFO] [stderr]    Compiling serde_repr v0.1.9
[INFO] [stderr]     Checking egui-winit v0.19.0
[INFO] [stderr]     Checking egui_glow v0.19.0
[INFO] [stderr]     Checking nanorand v0.7.0
[INFO] [stderr]     Checking spin v0.9.4
[INFO] [stderr]    Compiling paste v1.0.9
[INFO] [stderr]     Checking strum v0.24.1
[INFO] [stderr]     Checking audio-capture v0.1.0 (https://github.com/Shadlock0133/audio-capture?rev=26e326cffcf00cdc564a2b840c6421e021e0c27f#26e326cf)
[INFO] [stdout] error[E0433]: failed to resolve: could not find `shared` in `winapi`
[INFO] [stdout]  --> /opt/rustwide/cargo-home/git/checkouts/audio-capture-cacc9190cf5aefd8/26e326c/src/win/capture.rs:4:5
[INFO] [stdout]   |
[INFO] [stdout] 4 |     shared::mmreg::{
[INFO] [stdout]   |     ^^^^^^ could not find `shared` in `winapi`
[INFO] [stdout] 
[INFO] [stdout] 
[INFO] [stdout] error[E0433]: failed to resolve: could not find `um` in `winapi`
[INFO] [stdout]  --> /opt/rustwide/cargo-home/git/checkouts/audio-capture-cacc9190cf5aefd8/26e326c/src/win/capture.rs:8:5
[INFO] [stdout]   |
[INFO] [stdout] 8 |     um::{
[INFO] [stdout]   |     ^^ could not find `um` in `winapi`
[INFO] [stdout] 
[INFO] [stdout] 
[INFO] [stdout] error[E0432]: unresolved imports `winapi::Class`, `winapi::Interface`
[INFO] [stdout]   --> /opt/rustwide/cargo-home/git/checkouts/audio-capture-cacc9190cf5aefd8/26e326c/src/win/capture.rs:26:5
[INFO] [stdout]    |
[INFO] [stdout] 26 |     Class, Interface,
[INFO] [stdout]    |     ^^^^^  ^^^^^^^^^ no `Interface` in the root
[INFO] [stdout]    |     |
[INFO] [stdout]    |     no `Class` in the root
[INFO] [stdout] 
[INFO] [stdout] 
[INFO] [stdout] error[E0433]: failed to resolve: could not find `shared` in `winapi`
[INFO] [stdout]  --> /opt/rustwide/cargo-home/git/checkouts/audio-capture-cacc9190cf5aefd8/26e326c/src/win/common.rs:5:5
[INFO] [stdout]   |
[INFO] [stdout] 5 |     shared::{
[INFO] [stdout]   |     ^^^^^^ could not find `shared` in `winapi`
[INFO] [stdout] 
[INFO] [stdout] 
[INFO] [stdout] error[E0433]: failed to resolve: could not find `um` in `winapi`
[INFO] [stdout]   --> /opt/rustwide/cargo-home/git/checkouts/audio-capture-cacc9190cf5aefd8/26e326c/src/win/common.rs:10:5
[INFO] [stdout]    |
[INFO] [stdout] 10 |     um::winbase::{
[INFO] [stdout]    |     ^^ could not find `um` in `winapi`
[INFO] [stdout] 
[INFO] [stdout] 
[INFO] [stdout] error[E0432]: unresolved import `winapi::shared`
[INFO] [stdout]  --> /opt/rustwide/cargo-home/git/checkouts/audio-capture-cacc9190cf5aefd8/26e326c/src/win/common.rs:5:5
[INFO] [stdout]   |
[INFO] [stdout] 5 |     shared::{
[INFO] [stdout]   |     ^^^^^^ could not find `shared` in `winapi`
[INFO] [stdout] 
[INFO] [stdout] 
[INFO] [stderr] error: could not compile `audio-capture` (lib) due to 7 previous errors
[INFO] [stdout] error: aborting due to 6 previous errors
[INFO] [stdout] 
[INFO] [stdout] 
[INFO] [stderr] warning: build failed, waiting for other jobs to finish...
[INFO] [stdout] Some errors have detailed explanations: E0432, E0433.
[INFO] [stdout] 
[INFO] [stdout] For more information about an error, try `rustc --explain E0432`.
[INFO] [stdout] 
[INFO] running `Command { std: "docker" "inspect" "fc45307c14d057ffa8ece41eb0b24018072e27976082f49e0ef14120ac667cc6", kill_on_drop: false }`
[INFO] running `Command { std: "docker" "rm" "-f" "fc45307c14d057ffa8ece41eb0b24018072e27976082f49e0ef14120ac667cc6", kill_on_drop: false }`
[INFO] [stdout] fc45307c14d057ffa8ece41eb0b24018072e27976082f49e0ef14120ac667cc6
